7 - c = 0. Let g be j(m). What is the greatest common divisor of g and 30?
5
Let n be (-2139)/(-33) + (-6)/(-33). What is the greatest common divisor of n and 26?
13
Let f = -29 - -30. What is the highest common divisor of f and 1?
1
Suppose 0 = 4*x - 5*x + 19. Let j = -152 + 190. What is the highest common divisor of j and x?
19
Let l be 22/143 - 152/(-26). Calculate the highest common divisor of 9 and l.
3
Let c(a) = 2*a**2 + 6*a + 9. Suppose 12 = 3*t, -2*d - 15 = -4*t + 7. Let l be 3/(-1) - (-12)/d. Let q be c(l). What is the greatest common divisor of q and 26?
13
Let q(a) = a**2 - 3*a - 1. Let f be q(4). Let b = 29 + f. Suppose -b = -n - 0. Calculate the highest common factor of 4 and n.
4
Let n = -38 + 74. Let b = 13 - 53. Let u = 130 + b. Calculate the greatest common divisor of u and n.
18
Suppose 0 = -k + 22 + 35. Suppose 43 = 5*y - k. Let n = -4 + y. What is the greatest common divisor of n and 64?
16
Let x(m) = -m - 4*m + 2*m - 8 + 4*m. Let j be x(-9). Let a = j - -29. Calculate the greatest common divisor of 6 and a.
6
Let d(q) = -q + 29. Let r be d(-15). Let h(m) = -m**2 - 8*m - 8. Let a = -10 - -4. Let p be h(a). Calculate the highest common divisor of r and p.
4
Let k be 1/2 + 105/6. Calculate the greatest common factor of 1 and k.
1
Suppose -z = z - 8. Suppose -z*h - 4*c = -0*c - 32, 0 = 4*h + c - 32. Suppose h = v + 3. Calculate the highest common factor of 35 and v.
5
Let y = -26 + 86. Calculate the greatest common divisor of 15 and y.
15
Suppose -3*r + r = 5*g - 248, -84 = -2*g + 3*r. Suppose -5*v = -v. Suppose v = o - 4*o + g. Calculate the highest common factor of 64 and o.
16
Let i be (2 - 0)/((-6)/81). Let u = -16 - i. Calculate the highest common divisor of 88 and u.
11
Suppose -5*x = -2*o - 2*x + 31, 2*o + 2*x - 6 = 0. Calculate the highest common factor of o and 32.
8
Let i be (-30)/(24/4) + 7. Calculate the greatest common divisor of i and 5.
1
Let p = -4 + 10. Let f be ((-3)/(-2))/((-1)/(-46)) + -3. What is the highest common divisor of p and f?
6
Let g(i) = i**3 + 7*i**2 - 4*i + 37. Let z be g(-8). Suppose 0 = 2*b + 10, 2*a - 5*b - 57 = -12. What is the highest common divisor of a and z?
5
Let z be 26/(-3)*(-9)/(-6). Let g = 58 + z. Calculate the greatest common divisor of 9 and g.
9
Suppose -2 = -2*b, -d + 3*b - 3 = 4*d. Let h = 4 + d. Let c be 12/7 + h/14. What is the greatest common divisor of c and 8?
2
Suppose 4*n - r = -0*r - 5, 5*n = -4*r - 22. Let w be 1*(5 + n) + 17. Calculate the highest common factor of 20 and w.
20
Let u(h) = -2*h**3 - 2*h**2 - 6*h - 5. Let b be u(-2). What is the greatest common divisor of b and 15?
15
Let j = 18 + -6. What is the greatest common divisor of 2 and j?
2
Let g be 32/(-6)*33/(-2). Let t be 1 + (6/2 - 1). Suppose 2*q - 10 = 0, q = -3*x - t*q + 53. Calculate the greatest common factor of x and g.
11
Let b(z) = -3*z + 7. Let g be b(-7). Suppose 4*w - 46 = 10. What is the greatest common factor of g and w?
14
Suppose -162 = -6*d + 3*d. Suppose 2*k = 6*k. Let o be 9/1 - (0 - k). Calculate the greatest common factor of d and o.
9
Let s = -5 + 7. Let q(u) = -3 - 3*u + 8*u**2 + 4*u**2 - s*u. Let x be q(-3). What is the greatest common factor of 15 and x?
15
Let n(w) = -w**3 - 15*w**2 + 15*w - 7. Let r be n(-16). Calculate the highest common divisor of r and 27.
9
Let l be (-80)/6*(0 + (-36)/16). Calculate the highest common factor of l and 75.
15
Let u be 420/98 - (-4)/(-14). What is the highest common divisor of u and 44?
4
Suppose -4*v - 4*g = -124, -4*g = 2*v - g - 61. What is the highest common divisor of v and 80?
16
Suppose -9 = -5*w + 3*c, 5*w - 2*w = -5*c - 15. Suppose w = -0*b + 2*b - 10. Calculate the highest common divisor of 35 and b.
5
Suppose 0 = -2*t + 2 + 2. Suppose -5*g + 16 = -s - 3, -g - 5 = t*s. Suppose 2*c + 66 = -0*a + 2*a, g = -c. Calculate the highest common divisor of a and 12.
6
Let j = 25 - 16. Let o be ((-60)/j)/(1/(-3)). Suppose -5*p + o = -p. What is the greatest common factor of 55 and p?
5
Let x be ((-70)/(-28))/(5/36). Calculate the greatest common factor of x and 54.
18
Let d(a) = a**3 - 7*a**2 + 7*a. Let t(x) = x**2 - x. Let j be t(-2). Let r be d(j). Suppose 4*h - 79 = -7. Calculate the greatest common factor of h and r.
6
Suppose 4*w - 6*w - 4 = 0. Let t be -1*(0 - w - 92). What is the greatest common factor of 18 and t?
18
Let w(o) = 2*o**3 - 2. Let k be w(2). What is the highest common factor of k and 42?
14
Let v = -4 - -1. Let r = v - -5. Suppose r*i - 15 + 61 = 5*g, 0 = 5*g + 2*i - 34. Calculate the greatest common divisor of g and 4.
4
Let y = -62 - -106. Calculate the highest common divisor of y and 22.
22
Let y = -133 + 187. Calculate the highest common divisor of 81 and y.
27
Let n = 16 + -10. Suppose -5*w = -2*w - 2*y + 120, -4*w + 4*y - 160 = 0. Let a = w - -70. Calculate the greatest common divisor of a and n.
6
Let m = -213 + 318. Let p = m - 55. Let d(o) = o**3 - 7*o**2 - o + 17. Let a be d(7). What is the highest common factor of p and a?
10
Suppose h + 9 = -5*d + 4, 0 = 4*d - 3*h + 23. Let z(i) = 2*i**2 - 2*i - 1. Let t be z(d). Calculate the greatest common factor of 44 and t.
11
Let x(q) = 3*q**3 + 2*q + 1. Let z be x(-1). Let a = 4 + z. Suppose -2*u - y - 2 = -3*u, a = 2*u - 5*y - 7. What is the greatest common divisor of 10 and u?
1
Suppose 222 = 2*v + 46. Calculate the highest common divisor of 22 and v.
22
Suppose -9*o = -8*o - 8. What is the highest common divisor of 40 and o?
8
Let s be (4/1)/(3*2/78). Calculate the greatest common factor of s and 130.
26
Suppose -4*i = -i + 201. Let b be i/(-5) + 2/(-5). What is the highest common factor of b and 104?
13
Suppose -v + 2*g = -74, -2*g - g - 301 = -4*v. What is the highest common factor of 114 and v?
38
Let k be (138/24)/((-2)/(-8)). What is the greatest common divisor of 207 and k?
23
Let u(z) = 12*z + 5. Let v be u(6). What is the highest common divisor of 11 and v?
11
Let k(r) = 3*r**3 - 2*r**2 + r - 5. Let v be k(4). Let p = -84 + v. What is the greatest common factor of 15 and p?
15
Suppose 35 = -5*j + 5. Let t be 8/j*(2 - 5). What is the greatest common divisor of t and 4?
4
Let b(t) = -8*t - 9. Let m be b(-4). What is the highest common factor of 46 and m?
23
Suppose 4*x + 10 = 4*l - x, 2*l - 3*x - 4 = 0. Calculate the greatest common divisor of l and 5.
5
Let o = -228 - -328. Calculate the highest common divisor of o and 20.
20
Let s(i) = 7*i**2 + 2*i + 1. Let w be s(-1). Let v(r) = r**2 - 4*r - 2. Let g be v(w). What is the greatest common factor of 30 and g?
10
Let x be -3*(-8)/6 + 0. Suppose -228 = -k - 2*d, -4*k = -k - x*d - 644. Calculate the greatest common divisor of 20 and k.
20
Let u = -6 - -15. Let n be (-1)/(-2)*(-8)/4. Let l be 2*(-2)/(-3 + n). What is the greatest common factor of u and l?
1
Let i be (-2 - -36)/(7 + -5). Let j be (-2)/8 + 954/8. What is the greatest common factor of j and i?
17
Let o = 0 + 1. Let v be (0 - o)*5/(-1). Suppose v*l - 2*g - 151 = 25, 4*g = 3*l - 100. Calculate the greatest common divisor of 90 and l.
18
Suppose 0*c + 4*z = c - 68, -2*c = -3*z - 131. Let n = -89 - -121. Calculate the highest common factor of n and c.
32
Let j = 36 + -3. Calculate the greatest common factor of 99 and j.
33
Let z be 3/((6/165)/2). What is the greatest common divisor of z and 15?
15
Suppose -272 = -3*q - 2*t, -4*q + 336 = -3*t - t. Calculate the greatest common factor of q and 22.
22
Let o = 22 - 40. Let g be -1*1/(2/o). What is the greatest common factor of g and 45?
9
Let i(a) = 27*a**3 + a**2 - a. Let p be i(1). Suppose 41 = -4*z + 77. What is the greatest common divisor of z and p?
9
Suppose -3*j + 43 + 0 = 5*i, 0 = -i + 5*j + 31. What is the highest common divisor of 11 and i?
11
Let h = 4 + -4. Suppose -5*m - 3*s + 5 = 0, 3 + h = 2*m + s. Calculate the greatest common divisor of m and 4.
4
Let r(n) = 31*n + 1. Let v be r(2). Let z = -37 + v. What is the highest common factor of 13 and z?
13
Let b(o) = o. Let w be b(1). Let c be 2*(1 + 1/w). Suppose -a = -5*d - 12, 2*a + 3*a - d - 12 = 0. Calculate the highest common factor of c and a.
2
Let b be (-1126)/3 - (-2)/6. Let d = -133 - b. Suppose 5*z + 93 = 4*h, 5*h = h + z + 89. Calculate the greatest common factor of h and d.
22
Suppose 101 = 2*v - 107. Let q = -65 + v. Suppose y - q = 